h(a) = a**3 + 7*a**2 + 1. Let w be h(j). Suppose 3*m - 11 - w = 0. What is the units digit of m?
4
Suppose q + 2*q - 63 = 0. What is the tens digit of ((-3)/q - -1)*14?
1
Let d(k) = -k**2 + 5*k. Let h be d(4). Suppose 5*w = 6 + h. Suppose -2*v = 4*n - 22, w*v + n = 6*n + 4. What is the units digit of v?
7
Let d(j) = -1. Let t(m) = -2*m - 6. Let b(a) = 10*d(a) - 2*t(a). What is the tens digit of b(4)?
1
Let t be (-2)/1 + 25/5. Suppose -17 = -t*y - 5. What is the units digit of y?
4
Suppose -2 = 4*z - 6. Let y(h) = -h**3 - 2*h**2 + 1. Let c be y(z). Let b(d) = d**2 - 3*d - 2. What is the units digit of b(c)?
8
Suppose -8 - 8 = -4*v. Suppose 3*w = v - 1. What is the units digit of w?
1
Let b(c) = -8*c + 1. Suppose 3*l + 1 = 2*l. What is the units digit of b(l)?
9
Let b = -13 - -19. Let k(u) = 7*u - 3. What is the units digit of k(b)?
9
Suppose 0*b + 8 = 2*b. Suppose 2*c = -0*c - b*y + 64, 4*c - 119 = -5*y. What is the tens digit of c?
2
Let s(j) = -6*j + 1. Let h(y) = -y - 7. Let f(d) = d + 3. Let g(k) = 9*f(k) + 4*h(k). Let t(i) = 5*g(i) + 4*s(i). What is the units digit of t(10)?
9
Let a = 16 - 2. Suppose 44 = u + 8. Let x = u - a. What is the units digit of x?
2
Let b be -2 + (-6)/(-2) + -2. Let i be (b - -1) + (-1)/1. What is the units digit of (-6)/(0 - (i - -2))?
6
Suppose 3*n - 277 = -4*a, -a + 431 = 5*n - 2*a. What is the tens digit of n?
8
Let x(f) = 78*f - 7. Let l be x(2). Suppose 3*q - l = -4*s, 2*s + s + 3*q - 111 = 0. What is the tens digit of s?
3
Suppose 4*y + 5*z = 91 + 21, 0 = -3*y + z + 65. Let v = 2 - 1. What is the units digit of (3 - 2)/(v/y)?
3
What is the tens digit of (-1365)/(-18) - (-6)/36?
7
Suppose -5*c - w = 2, -3*w = -3*c + 1 + 5. Suppose 3*i + c*i = 6. Suppose -3*k - i*y + 19 = 0, 3*k + 5*y - 2 = 2*k. What is the units digit of k?
7
Suppose -5*x = -2*q - 23, -29 = -0*q + 5*q - 3*x. What is the units digit of (6/q)/(6/(-116))?
9
Let v = -4 + 4. Suppose 4*q - s - 6 = 7, -4*q - 5*s + 31 = v. Suppose u - 5*n = 4, -2*u + 20 = 3*u - q*n. What is the units digit of u?
4
Suppose -3*u = -o - 11, 0 = 5*o - 3*u - u. Suppose 2*c + o*x = 0, -c + 6*c = -x + 27. Suppose 0 = -w + c - 2. What is the units digit of w?
4
Let s(w) = w**3 + 7*w**2 + 2*w - 1. Let q be s(-5). Suppose -q = -3*c + 3*j, -3*j = 2*c - 2 - 4. What is the units digit of c?
9
Let d = 5 + 5. What is the tens digit of d?
1
Let j be -10 - 1*(-1 - 0). Let d(u) = 3*u**3 - 2*u**3 - 8 + 9*u**2 + 2*u + 0*u**3 - 3*u. What is the units digit of d(j)?
1
Let h = 146 - 90. What is the tens digit of h?
5
Let b(z) = 2*z**3 - 5*z**2 - 10*z - 20. What is the tens digit of b(6)?
7
Let x(j) = j**3 + 6*j**2 - 5. Let g be x(-6). Suppose -2*v - 46 = 3*o + 10, -5*o + v = 115. Let a = g - o. What is the units digit of a?
7
Suppose -4*q + 699 = m, 0 = 3*q - 4*q - m + 177. What is the units digit of q?
4
Suppose 4*i = 5*i + 6. Let t = -3 - i. What is the units digit of t?
3
Let i(p) = p**2 - 11*p + 4. Let x = 17 + 17. Let b = x - 23. What is the units digit of i(b)?
4
Suppose 0 = -2*i + 41 + 447. What is the units digit of i?
4
Let c = 35 + -12. Suppose 4*b = -5*z + 22, 5*b = -3*z - z + c. Let k = 5 + z. What is the units digit of k?
7
Let s(h) = h**3 + 7*h**2 - 6*h - 3. What is the units digit of s(-5)?
7
Suppose -18 = 6*a - 8*a. What is the units digit of a?
9
Let w = 6 + -4. Let y(k) = -4*k**2 + 4*k + 2. Let z(q) = 2*q**2 - 2*q - 1. Let d(g) = 2*y(g) + 5*z(g). What is the units digit of d(w)?
3
Suppose -y + 5*j = 1, -y + 2*j = 5 - 7. Let x(w) = 2*w**2 + 5*w + 3. Let g(a) = -a**2 - 5*a - 3. Let t(o) = -3*g(o) - 2*x(o). What is the units digit of t(y)?
7
Suppose 4*z + 20 + 4 = 0. What is the units digit of (-50)/z - (-16)/24?
9
Let i(n) = 2*n**2 + 6*n + 5. Let r be i(-5). Suppose 3*b - 8*b = -r. What is the units digit of b?
5
Let v(j) = 2*j + 1. Let h be v(4). Let o = h - 2. What is the units digit of o?
7
Let a(z) = -36*z - 11. What is the tens digit of a(-2)?
6
Let s(q) = 21*q - 2. What is the tens digit of s(4)?
8
Let q = 1 + 0. Let n be 0 - -4 - (-1 + q). Suppose b = 2*b - n. What is the units digit of b?
4
Let k(f) = 2*f**2 + 7*f - 3. What is the units digit of k(-7)?
6
Suppose 3*b = -2*k + 71, -21 = -4*b + 3*b + 2*k. Suppose -5*f - 2*z = b, 7*f - 2*f + 24 = -z. What is the units digit of -1 + 1 - (-14 - f)?
9
What is the units digit of 6/(-12)*(-1716)/6?
3
Let f be 2 - (-2)/(4 + -2). Suppose -f*b + 7 = -5. Suppose x - b = -x. What is the units digit of x?
2
Let x(p) = p + 14. Let c be x(-12). Suppose c*s - 9 = -s. What is the units digit of s?
3
Let g be -4 - -2 - (2 - 6). Suppose g*b = -2*b + 28. What is the units digit of b?
7
Suppose 0 = 5*v - 2*q + 3 - 17, 0 = -2*v - 2*q. Let j(x) = 3*x + 1. Let k be j(v). Suppose k = -5*b + 47. What is the units digit of b?
8
Let o = 83 - 85. Let k(d) = -7*d**3 - 3*d**2 + 7. Let x(f) = -13*f**3 - 6*f**2 + 13. Let j(q) = 11*k(q) - 6*x(q). What is the units digit of j(o)?
3
Let n(h) = -9*h**3 + 19*h**2 - 8*h + 5. Let y(m) = -4*m**3 + 9*m**2 - 4*m + 2. Let j(t) = -3*n(t) + 7*y(t). What is the units digit of j(4)?
5
Let w = -11 + 17. Suppose -3*b - w = -15. Let a = b - 0. What is the units digit of a?
3
Let i be 1/2 + 45/2. Suppose m - 4*c + i = 2*m, 3*m = 4*c + 5. Let s = m - 5. What is the units digit of s?
2
Suppose g + 2*w = -6, -5*g + 2 = 2*w - 0. Suppose -g*s - 8 = -4*s. Let h = 7 - s. What is the units digit of h?
3
Let l = 6 + 2. Let f(b) = -3*b + 5. Let t(o) = -o + 2. Let c(x) = l*t(x) - 3*f(x). What is the units digit of c(2)?
3
Let m = 132 + -1. What is the units digit of m?
1
Let l = -4 - -6. Suppose -l*b + 2*k + 0 - 4 = 0, 3*b = 4*k - 8. Let v = b + 2. What is the units digit of v?
2
Let f(l) = l**2 + 1. What is the units digit of f(-3)?
0
What is the tens digit of 1/(657/(-165) - -4)?
5
Let u be 7/3 - (-2)/(-6). Suppose 0 = -g + u*z + 40, 16 + 4 = 5*z. Suppose -v + 5*j + g = 3*v, 0 = 4*j. What is the tens digit of v?
1
Let p(o) = o**2 + 5*o - 3. Let x be p(-5). Let b be 3*-2*(-20)/6. Let l = b + x. What is the units digit of l?
7
What is the tens digit of (0 + 30)*(-4)/(-10)?
1
Suppose -5*z = u + 20, -5*u + 3*z + 0*z + 12 = 0. Suppose u*j - 80 = -4*j. What is the tens digit of j?
2
What is the units digit of 5 + 40/(5 + -3)?
5
Let x(d) = 2*d + 19. What is the tens digit of x(0)?
1
Suppose 0 = -5*z + z + 84. What is the tens digit of z?
2
Let u(g) = g**2 - 4*g. Let p(s) = 5*s**2. Let q be p(-1). What is the units digit of u(q)?
5
Let k(f) = f**3 - 8*f**2 - 6*f - 13. What is the tens digit of k(9)?
1
Suppose -96 = -4*x + 64. What is the tens digit of x?
4
Let a(g) = g + 1. Let l be a(-2). Let o = l + 5. What is the units digit of o?
4
Suppose 12*r - 9*r = 72. What is the units digit of r?
4
Let g(z) be the second derivative of -z**5/60 + 5*z**4/12 + 2*z**3/3 - 3*z**2/2 - z. Let n(t) be the first derivative of g(t). What is the units digit of n(9)?
3
Let c = 12 + -9. Suppose -g = 0, 0 = 2*h + c*g - 0*g - 24. What is the units digit of h?
2
Suppose -2*s + 6 = -10. Let n = s - 2. Suppose 2*r + 3*j = -2*j - n, j = 5*r - 39. What is the units digit of r?
7
Let o(d) = 2*d**2 + 4*d + 33. What is the hundreds digit of o(10)?
2
Let u = -7 - -19. What is the tens digit of u?
1
Suppose -z + 5*w + 32 + 6 = 0, 4*z - 3*w = 84. What is the units digit of z?
8
Let o = 115 - 63. What is the units digit of o?
2
Let s be (-16)/6*6/(-4). Suppose -108 = s*w - 36. Let a = -10 - w. What is the units digit of a?
8
What is the units digit of 4/(-1) - (-32 + -1)?
9
Let j(s) = 110*s**2 - s + 1. Let q be j(1). Suppose h = -4*h - q. Let k = -11 - h. What is the units digit of k?
1
Let j(l) = -4*l + 30. What is the units digit of j(-10)?
0
Let t(v) = -v**2 - 7*v - 3. Let b be t(-6). Suppose 0 = -5*i + 69 + 86. Suppose 2*q - q - 15 = -5*h, 4*h - i = b*q. What is the units digit of h?
4
Let w(i) = -i**2 + 5*i - 3. Let j be w(3). Let z(a) = -a**2 + 4*a + 1. Let y be z(j). Suppose t + 2 = 3*f, -3*f + y*t = -t + 14. What is the units digit of f?
2
Suppose 0 = -11*z + 6*z + 50. What is the tens digit of z?
1
Suppose 4*y - 2*o - 32 = 2*o, -3*y + o = -26. What is the units digit of -1 + y/3 + 24?
6
Let i be (-30)/4*(-8)/6. Suppose -5*k = h - 20, h = 3*k - 30 + i. What is the units digit of k?
5
What is the tens digit of (-4)/(-14) + 2168/56?
3
Suppose -3*o = 5*w + 1